{"version":"1.0","provider_name":"Blog de Residencias y Salud","provider_url":"https:\/\/residenciasysalud.es\/blog","title":"Proyecto Memoria del Athletic | Blog de Residencias y Salud","type":"rich","width":600,"height":338,"html":"<blockquote class=\"wp-embedded-content\" data-secret=\"iTM6kfCf1a\"><a href=\"https:\/\/residenciasysalud.es\/blog\/residencia-tercera-edad\/proyecto-memoria-del-athletic\/\">Proyecto Memoria del Athletic<\/a><\/blockquote><iframe sandbox=\"allow-scripts\" security=\"restricted\" src=\"https:\/\/residenciasysalud.es\/blog\/residencia-tercera-edad\/proyecto-memoria-del-athletic\/embed\/#?secret=iTM6kfCf1a\" width=\"600\" height=\"338\" title=\"\u00abProyecto Memoria del Athletic\u00bb \u2014 Blog de Residencias y Salud\" data-secret=\"iTM6kfCf1a\" frameborder=\"0\" marginwidth=\"0\" marginheight=\"0\" scrolling=\"no\" class=\"wp-embedded-content\"><\/iframe><script type=\"text\/javascript\">\n\/* <![CDATA[ *\/\n\/*! This file is auto-generated *\/\n!function(d,l){\"use strict\";l.querySelector&&d.addEventListener&&\"undefined\"!=typeof URL&&(d.wp=d.wp||{},d.wp.receiveEmbedMessage||(d.wp.receiveEmbedMessage=function(e){var t=e.data;if((t||t.secret||t.message||t.value)&&!\/[^a-zA-Z0-9]\/.test(t.secret)){for(var s,r,n,a=l.querySelectorAll('iframe[data-secret=\"'+t.secret+'\"]'),o=l.querySelectorAll('blockquote[data-secret=\"'+t.secret+'\"]'),c=new RegExp(\"^https?:$\",\"i\"),i=0;i<o.length;i++)o[i].style.display=\"none\";for(i=0;i<a.length;i++)s=a[i],e.source===s.contentWindow&&(s.removeAttribute(\"style\"),\"height\"===t.message?(1e3<(r=parseInt(t.value,10))?r=1e3:~~r<200&&(r=200),s.height=r):\"link\"===t.message&&(r=new URL(s.getAttribute(\"src\")),n=new URL(t.value),c.test(n.protocol))&&n.host===r.host&&l.activeElement===s&&(d.top.location.href=t.value))}},d.addEventListener(\"message\",d.wp.receiveEmbedMessage,!1),l.addEventListener(\"DOMContentLoaded\",function(){for(var e,t,s=l.querySelectorAll(\"iframe.wp-embedded-content\"),r=0;r<s.length;r++)(t=(e=s[r]).getAttribute(\"data-secret\"))||(t=Math.random().toString(36).substring(2,12),e.src+=\"#?secret=\"+t,e.setAttribute(\"data-secret\",t)),e.contentWindow.postMessage({message:\"ready\",secret:t},\"*\")},!1)))}(window,document);\n\/\/# sourceURL=https:\/\/residenciasysalud.es\/blog\/wp-includes\/js\/wp-embed.min.js\n\/* ]]> *\/\n<\/script>\n","thumbnail_url":"https:\/\/residenciasysalud.es\/blog\/wp-content\/uploads\/2024\/04\/proyecto-memoria-athletic.jpg","thumbnail_width":1131,"thumbnail_height":720,"description":"Una residencia de Bilbao ejercita la memoria con las leyendas del Athletic En el coraz\u00f3n de Bilbao, una residencia de ancianos se ha convertido en un lugar \u00fanico donde la pasi\u00f3n por el f\u00fatbol y la memoria de las leyendas del Athletic Club se fusionan. En el proyecto Memoria del Athletic, para ofrecer un enfoque [&hellip;]"}

Una residencia de Bilbao ejercita la memoria con las leyendas del Athletic En el corazón de Bilbao, una residencia de ancianos se ha convertido en un lugar único donde la pasión por el fútbol y la memoria de las leyendas del Athletic Club se fusionan. En el proyecto Memoria del Athletic, para ofrecer un enfoque [&hellip;]
